units digit of a(u)?
2
Let f(n) = 15*n**2 + 4*n - 11. Let m(a) = -8*a**2 - 2*a + 5. Let s(l) = -6*f(l) - 13*m(l). Suppose 4*g + 5 - 1 = 0. What is the tens digit of s(g)?
1
Let m be 7/1 - (-3 - -2). What is the units digit of (5 - 1)*12/m?
6
Let x(a) = 8 - 8 - 2*a**2 + 3*a**2. What is the units digit of x(1)?
1
Let q = -6 + 4. Let n be q/4 + 21/6. Let m = n + -1. What is the units digit of m?
2
Let f(y) be the first derivative of -2*y**3/3 - 3*y**2 + 2*y - 1. Let m be f(-5). Let b = -10 - m. What is the units digit of b?
8
Suppose -9 = 2*a + 1. Let i(o) = -o**3 - 5*o**2 - 3*o - 7. Let z be i(a). Suppose 0 = -j + z. What is the units digit of j?
8
Let h(t) = t**3 - 6*t**2 + 6*t + 5. Let d be h(5). Let a = -6 + d. Suppose -3*j = j - a. What is the units digit of j?
1
Let h be (2/2)/((-1)/5). Let q = h + 7. What is the units digit of q?
2
Let m(s) be the first derivative of 10/3*s**3 + 1/4*s**4 - 6*s - 1 - 13/2*s**2. What is the tens digit of m(-11)?
1
Let u(k) = 3*k**2 - 2*k - 2. What is the units digit of u(-4)?
4
Let r = 69 + 55. What is the tens digit of r?
2
Let r(i) = -i**3 + 10*i**2 - 6*i - 11. Let w be r(9). Let m = w - 8. What is the units digit of m?
8
Suppose 0*n - 5*n + 2*g + 20 = 0, -n + g + 4 = 0. What is the tens digit of (5*n)/(3 + -1)?
1
Suppose 2*b - 1 = 3*b. Let d be -9*(-2)/6*b. What is the tens digit of ((-20)/d)/(3/9)?
2
Suppose -2*b = -3*u + 12, -2*u + 2*b + 4 = -u. Let m = -3 + u. Suppose -2*j = -3 - m. What is the units digit of j?
2
Let y(b) = 3*b**3 + 2*b**2 - 4. What is the units digit of y(2)?
8
Suppose -4 + 29 = 5*k. Suppose 2*n = k*n - 117. Suppose 0 = 3*q + 5*m - 61, 0 = 2*q + m + 2*m - n. What is the units digit of q?
2
Suppose -4*n + 2*m + 10 = 0, -4*n - 15 = 5*m - 2*m. Suppose n = 2*p - 3*l - 21, l + l = -4*p + 66. What is the units digit of p?
5
Suppose -5*i + 4*z + 217 = -150, -3*i + 4*z + 217 = 0. What is the units digit of i?
5
Let u be (-15)/6*-1*2. Let a be (-24)/16*(-20)/3. Let o = a - u. What is the units digit of o?
5
Suppose -d - 2*d = 57. Let c be (-128)/12 - 3/9. Let r = c - d. What is the units digit of r?
8
Let s(m) = 2*m**2 + 2*m - 1. What is the units digit of s(-8)?
1
Let b(f) = 8*f**3 - 3*f**2 + 11*f - 2. Let i(z) = 7*z**3 - 2*z**2 + 10*z - 1. Let k(w) = 6*b(w) - 7*i(w). What is the units digit of k(-4)?
1
Let x(v) = 3 + 6*v - 1 - 3*v. Suppose -23 = -5*u + 4*d, d - 4*d = -4*u + 18. What is the units digit of x(u)?
1
Let j = -57 + 88. Suppose -4*o = 5*m - 38, -4*m - 4*o = -o - j. What is the tens digit of m?
1
Let u = 53 - 118. Let x = -110 - u. Let d = -28 - x. What is the units digit of d?
7
Let j = -32 + 89. What is the units digit of j?
7
Suppose 4*m + 5*l - 16 = 0, -5*m + l + 20 = -l. What is the units digit of m?
4
Suppose 20*n + 128 = 24*n. What is the tens digit of n?
3
Let l(p) = -p**2 - 14*p - 9. Let i be l(-13). What is the tens digit of ((-22)/i)/(4/(-16))?
2
Suppose 0 = 3*r - 4*x - 85, 0*r = 2*r - x - 65. What is the units digit of r?
5
Let m be 0/((3 + -4)*-1). Let j be -3 + (-94)/(-2) + m. Let r = 62 - j. What is the units digit of r?
8
What is the tens digit of (-1)/4 - (-2147)/76?
2
Let g be (2/4)/((-2)/(-52)). Let d(n) = -n**3 + 14*n**2 - 13*n + 10. What is the units digit of d(g)?
0
Let i = 36 + -17. What is the tens digit of i?
1
Let i(h) = -6 + 1 - 11 - h - 4*h. What is the units digit of i(-8)?
4
Suppose 5*g - 3 = 17. Suppose -g = -i + 8. What is the units digit of i?
2
What is the tens digit of (-6)/14 + 409/7?
5
Let u be (15/20)/((-1)/(-4)). Suppose 0*o = u*o - 36. What is the tens digit of o?
1
Let x = 3 - 0. Suppose -2*w + x*w = 7. Suppose 53 + w = 5*k. What is the tens digit of k?
1
Let s(u) = -4*u**2 - 2*u + u + 7 + 3*u**2. What is the units digit of s(0)?
7
Let j(m) = -m**3 - 6*m**2 - 5*m + 4. Let i be j(-5). Let z = 6 - i. Suppose f = 4*f + 9, -3*s + z*f = -9. What is the units digit of s?
1
Let q(z) = -24*z**2 + 1. Let c be q(-1). Suppose 0 = -y + 7 - 21. Let u = y - c. What is the units digit of u?
9
Let b(t) = 63*t + 4. Let f be b(2). Suppose -7 = -4*q + 1, 0 = 4*k - q - f. What is the units digit of k?
3
Let u(y) = -y**2 - y - 1. Let i(s) = -3*s**2 - 7*s - 5. Let h(b) = -i(b) + 2*u(b). What is the units digit of h(-5)?
3
What is the tens digit of (-3 - (-798)/12)*2*1?
2
Let a(w) = -w + 2. Let v be a(-2). Suppose -v*n - 5 = -25. What is the units digit of n?
5
Let r = -57 - -87. What is the units digit of r?
0
Let p = -1 - -7. Let j = p + -3. What is the units digit of j/3 + 0 + 9?
0
Let l = -7 + 9. Suppose -5*g = -i - 55, -5*i + l = 2*g - 20. What is the tens digit of g?
1
Let z(y) = -y**3 - 6*y**2 + 6*y + 7. What is the units digit of z(-7)?
4
Suppose -5*j + 0 = 3*r + 2, -5*r + 1 = 4*j. What is the units digit of r?
1
Let h(u) be the second derivative of -u**5/20 + u**4/3 + 5*u**3/6 + 2*u**2 - 2*u. Let q be h(5). What is the tens digit of q*1/6*18?
1
Suppose -c + z = -14, -2*c - 2*z + 7*z + 13 = 0. Suppose -4*n + c - 7 = -2*h, 3*n = 9. What is the units digit of ((-2)/(-3) - h)*9?
6
Suppose 8 = 2*g - 4. What is the units digit of g?
6
Suppose -3*a - 75 = -5*h, 0 = 3*h - 2*a - 0*a - 46. What is the units digit of (-2)/(-6)*(h - 0)?
4
Let o = 2 - -1. Let m = 8 - o. What is the units digit of m?
5
Suppose -3*c = -19 - 5. Let a = 9 - c. Let q = a + 10. What is the units digit of q?
1
Suppose 174 + 133 = u. What is the tens digit of u?
0
Let m(s) = -3*s**2 + 2*s + 4. Let l be m(3). Let a = 0 - l. What is the tens digit of a?
1
Let w = -211 + 338. What is the units digit of w?
7
Let t = -17 + 20. Suppose -4*b + 189 = d - 0*d, -t*b + 2*d = -139. What is the tens digit of b?
4
Let d(s) = s**2 - s + 1. Let z(x) = 4*x**2 + 5*x + 7. Let b(o) = -3*d(o) + z(o). Let n be b(-5). Let v = n + 23. What is the units digit of v?
2
What is the units digit of ((-4)/22 + (-299)/(-11))*1?
7
Let j be (3 - 1)*(-1 + 2). Let l(k) = 2*k**3 - 2*k**2 - 1. Let h be l(j). Suppose -4*w = -9 - h. What is the units digit of w?
4
Let a = 80 - 45. What is the units digit of a?
5
Suppose -5*y + 133 = -2. What is the tens digit of y?
2
Let z = 12 + -6. Let k be 57/12 + (-27)/36. What is the units digit of k/z - (-76)/12?
7
Suppose -5*b + 15 = 0, -2*l - 3*b - 14 = -7*b. What is the units digit of 17 + ((-4)/(-1))/l?
3
Let i(a) = -5*a - 3. Let j be i(3). Let q = -2 - j. What is the tens digit of q?
1
Let l = 29 + -21. Suppose 0*h = -4*h + l. Suppose -2*w + 23 = 3*q, 0*w = h*q + w - 16. What is the units digit of q?
9
Let t be (-7)/(-28) - 11/(-4). What is the units digit of 0 + 5 - (-3)/t?
6
Suppose -15 = d + 4*d. What is the units digit of (-3 + 1)*(2 + d)?
2
Suppose -5*i = 2*d - 197, 2*i + d - 118 = -i. Suppose 0 = 2*y - 5*p + i, 3*y - 3*p = -25 - 20. Let l = y - -18. What is the units digit of l?
6
Suppose 122 = 7*p - 515. What is the tens digit of p?
9
Let y = -8 - -269. What is the hundreds digit of y?
2
Let y = 0 - -4. Let s = 8 + -8. Suppose -y*v = s, -2*k + 26 + 4 = -2*v. What is the tens digit of k?
1
Let m(k) = k**3 + 3*k**2 - 6*k - 5. Let u be m(-5). Let v = 47 + u. What is the tens digit of v?
2
Suppose 0 = -2*h + 4*h - 14. Suppose -a - h = -2*a. What is the units digit of a?
7
Suppose 4*k - 3*m - 450 = 0, -6*k = -2*k + m - 442. What is the tens digit of k?
1
Let y be (-21)/(-28)*6*2. Suppose -3*o + 11 + y = v, 3*o = -4*v + 26. Let c = 0 + o. What is the units digit of c?
6
Let m(l) = l**3 - 4*l**2 - 3*l - 5. Let v be m(5). Suppose -r - 10 = -v*z + 1, 6 = 5*z + 4*r. What is the units digit of 2/2 + (z - 2)?
1
Let b(l) = -2*l**3 - 2*l**2 - 4*l - 3. What is the units digit of b(-3)?
5
Suppose -4*l = -0 - 12. Suppose -l*a + 7*a = 100. What is the tens digit of a?
2
Let r be (-70)/8 - 11/44. Let i be 2 + (-2)/2 - -5. What is the units digit of i/r + (-23)/(-3)?
7
What is the units digit of ((-1080)/6 + 2)/(-1)?
8
Suppose 2*t = -10, -5*t - 20 = 2*o + 3. What is the units digit of o + 0 + 1 - 0?
2
What is the tens digit of ((-2)/(-4))/(1274/424 - 3)?
0
Suppose -d + 3*d = -8. What is the tens digit of (-1)/2*5*d?
1
Let v(j) = 15*j**3 + j**2. Let u be v(1). Suppose -y = 3*y - u. What is the units digit of y?
4
Suppose o + 30 = a, 42 = a - 0*a - 5*o. Let n = -18 + a. What is the units digit of n?
9
Suppose 0 = 3*i + 3*b + 24 - 0, 0 = 2*i - 4*b - 2. Let j be 1/(-1*4/8). What is the units digit o